 6*a - 2. Let q be h(-5). Suppose 0*s - 4 = -4*s - q*m, -m - 2 = -2*s. Let g(z) = -8*z**3 + z**2 + z - 1. Determine g(s).
-7
Suppose -3*p = -7*p + 8. Let k be 6/(p*(-3)/(-4)). Let x(w) = -2*w - 2. Calculate x(k).
-10
Let d(b) = -6*b - 1. Let g(n) = 17*n + 3. Let q(x) = 8*d(x) + 3*g(x). Suppose 0 = o + 1, 10 = 2*p - 4*o. Calculate q(p).
10
Let c(a) = a**3 - 10*a**2 - 11*a - 2. Let x be c(11). Let m(h) = 2*h + 3. What is m(x)?
-1
Let j be 2*(-21)/6*-1. Let x(n) = 3*n**2 - 2*n - 7. Let p(s) = -10*s**2 + 5*s + 21. Let a(g) = j*x(g) + 2*p(g). Determine a(5).
-2
Let q(g) = 3*g + 1. Let y be (-57)/(-38)*(-20)/6. Determine q(y).
-14
Suppose -2*w + 0*w = -4. Let u(s) be the second derivative of 0 + 4*s**w - 2*s + 1/6*s**3. Calculate u(-4).
4
Let p(l) be the third derivative of 7*l**4/12 - l**3/6 - 13*l**2 - 2. What is p(-1)?
-15
Suppose -3*r - 4*h - 31 = 0, 0*h = 4*r + 3*h + 32. Let u(i) = -i**2 - 7*i - 4. Give u(r).
6
Let k(n) = -3*n**3 + 2*n**2 + 2*n + 1. Let v be k(-1). Let o(i) be the third derivative of -i**4/12 + i**3/3 - 2*i**2. What is o(v)?
-6
Let f(q) = 2*q - 2. Let l be f(-1). Let u(s) = s**2 + 0*s**2 + 5*s + 3 + 3. What is u(l)?
2
Let s = 5 - 3. Let z(y) = y**2 + 0 + s*y**3 - 4*y + 0 - 2 - 1. Give z(-2).
-7
Let j(x) be the second derivative of x**4/12 + x**3/3 - x**2/2 - x. Let k be ((-4)/8 - (-15)/(-10))*-1. Give j(k).
7
Let n(k) = -2 - 26*k**3 + 5 + 25*k**3 - 5*k + 6*k**2. What is n(5)?
3
Let a(f) = -4*f + 8*f + 4 - f**2 - 1. What is a(6)?
-9
Let h(q) be the second derivative of q**3/6 + q**2/2 - q. Determine h(-1).
0
Let o(v) = 2*v**2 + 4*v + 3. Let n(a) = a + 1. Let m be n(-1). Suppose -3*z + 4*z = -3*k, m = z + 5*k + 2. Suppose 0 = -z*i - 1 - 5. Give o(i).
3
Let l(k) be the third derivative of k**5/60 - k**4/12 - k**3/3 - 9*k**2. Suppose -3*b - 4 = -4*b. Calculate l(b).
6
Let t(w) = 2 - 2*w - 2*w + 3*w. Let o be t(2). Let h(j) = -j**2 + o*j - j + 3 + 0 - j**3. Give h(0).
3
Let n(q) = 2*q**2 - 18*q + 2. Let w be n(9). Let d(h) = -h**2 + h - 1. Let b(g) = -g**2 - 4. Let i(j) = w*d(j) - b(j). Determine i(2).
2
Let o(d) = 5 + 51*d**2 - 52*d**2 + 1 - 5*d. What is o(-5)?
6
Let s(t) be the second derivative of -t**5/20 + t**4/2 - 5*t**3/6 - 2*t**2 + 9*t. Give s(5).
-4
Let d(k) = k - 6. Let o be d(5). Let l(t) = 7*t**2 - 11*t + 5*t**2 + 4*t + 1 + 9*t. Determine l(o).
11
Let t be 6/4 - (-2)/4. Let w = t - 2. Let m(r) = w*r - 5*r**2 - 3*r + 2*r**2. What is m(-2)?
-6
Let c(h) = -h**3 + 3*h**2 - h - 1. Let s(p) = -3*p**3 - 2*p**2 + 1. Let m be s(-1). Suppose m*t - 15 = -3*t. Let o be 3*(-3)/(t*-1). Calculate c(o).
-4
Let q(u) = -5*u**2 + 11*u + 9. Let p(b) = -14*b**2 + 32*b + 26. Let v(c) = 6*p(c) - 17*q(c). Let i be v(-5). Let o(d) = d**2 - d - 1. What is o(i)?
5
Let x be -2 - (1 + (-11 - -2)). Let a(j) = 0*j + 2*j + x*j**2 - 5*j**2 - 2. Determine a(2).
6
Suppose 2*l = -2*l + 28. Let a(v) = v + 3. Let q be a(l). Suppose 3*t = -3*d + 8*d - q, -2*t - 14 = 4*d. Let r(h) = 2*h - 1. Determine r(t).
-11
Let m(c) = c**3 + 11*c**2 + 10*c - 6. Suppose 4*l - a + 42 = 0, 4*a - 21 - 37 = 5*l. Determine m(l).
-6
Let t(l) = 8*l**2. Let h(v) = v**2 + 13*v - 13. Let u be h(-14). Give t(u).
8
Suppose 21*w - 6*w - 150 = 0. Let m(k) = k - 18. Calculate m(w).
-8
Let n(d) = -d + 4. Let i(h) = -1. Let o(c) = -5*i(c) - n(c). Determine o(-2).
-1
Let y(x) = 2*x - 2. Let c = 36 + -25. Let j = c + -16. What is y(j)?
-12
Let k = 28 + -33. Let f(h) = -h - 4. Determine f(k).
1
Suppose -3*i + 8 = 26. Let q(k) = -k**2 - 4*k + 8. Determine q(i).
-4
Let d be (5/(5/2))/(-1). Let o(k) = k**2 - k + 1. Let t(g) = -3*g**2 + 2*g + 1. Let w(y) = d*o(y) - t(y). Let s = -1 + 1. Calculate w(s).
-3
Suppose 5*f - 12 + 2 = 0. Suppose -16 = -f*s + 3*p, s - 4*s = 2*p - 11. Let q(h) = -h - 2. What is q(s)?
-7
Let x(m) = -m - 2 + 6*m + 1. Let c(l) be the second derivative of -l**3/6 - l**2/2 - l. Let u be c(-2). Calculate x(u).
4
Let o(s) = -2*s**3 + 19*s**2 + 9*s + 9. Let f be o(10). Let x(i) = 6*i**2 - 2*i - 1. Determine x(f).
7
Suppose 6 = 2*x - 0. Suppose 2*c - x*z - 17 = 0, 3*c - 5*z = -2*c + 30. Suppose -m - c = -0. Let y(b) = 5*b**2 - 1. Determine y(m).
4
Let g(r) = -21*r + 7. Let n(x) = -14*x + 5. Let c(s) = 5*g(s) - 7*n(s). Let m be (3/(-1 - 2))/(-1). Suppose 4*p = 3*p + m. Give c(p).
-7
Let w(t) = 2 - 8 + t + 4. What is w(5)?
3
Let i(w) = -4*w - 1. Let u be 8/10 + 19/95. Give i(u).
-5
Let f = -3 + 6. Let a be f/6*(0 + 0). Suppose -5*c + 6*c - 5 = a. Let z(w) = w**3 - 6*w**2 + 8*w - 7. Calculate z(c).
8
Let n(u) = -u**2 + 6*u - 11. Let v(y) = y**2 - 4*y + 7. Let l(w) = -5*n(w) - 8*v(w). Determine l(-2).
-17
Let v(y) = 3*y + 5. Let f be v(-5). Let z = f + 14. Suppose 0 = -2*g - 6*w + w - 15, 2*g - z*w + 6 = 0. Let n(u) = u**3 + 6*u**2 + 3*u - 6. Calculate n(g).
4
Let w(t) = 2*t**2 - 3*t - 3. Let d be (-6)/(-1) - (0 + 3). Determine w(d).
6
Let n(y) be the third derivative of -y**4/24 - 4*y**3/3 + y**2. Determine n(0).
-8
Let d(y) = 9 - 2*y + y - 2*y. Let j be 420/72 - (26/(-12) + 2). Give d(j).
-9
Let v(u) = -u**3 + 6*u**2 - 5*u. Let m be v(5). Let x(y) be the first derivative of 1/3*y**3 + 5*y - 9 + 1/2*y**2. Give x(m).
5
Let p(z) be the first derivative of 7*z**2/2 - z + 1. Suppose 2 = -3*v + 2*q - 5, v + q = 1. Give p(v).
-8
Let i = -3 + 2. Suppose 5*f - 1 = 29. Let g be 2/f*(-2 + i). Let l(t) = -t**3 + t**2. Calculate l(g).
2
Let p(v) = 7*v**2 + 9*v - 1. Let s(j) = -20*j**2 - 26*j + 3. Let q(c) = -17*p(c) - 6*s(c). Suppose -8*d = -3*d - 5*a, -3*d = 5*a - 16. What is q(d)?
9
Let m = -34 - -37. Let j(l) = -l**2 - 9. Let y(h) = -1. Let d(v) = j(v) - 5*y(v). What is d(m)?
-13
Let k(l) = -l**3 - 8. Suppose 4*y = 9*y - 50. Let d = y + -10. Calculate k(d).
-8
Suppose -8 = f - 3*f. Let j(t) = -2 - 5*t**2 + 4*t**2 + 0*t**2 - 4*t - f*t. Calculate j(-7).
5
Let j(g) = -24*g + 14. Let s(m) = -8*m + 5. Let l(v) = -6*j(v) + 17*s(v). Give l(-1).
-7
Let r(v) = v**3 + 2*v**2 - 3*v + 2. Let p be r(-3). Let c(o) = -2*o + o**2 - 4 - p*o + 0. Let s be 6 + ((-6)/4 - (-29)/58). Calculate c(s).
1
Let o(j) = -j**2 - 1. Let w(t) = -3*t**2. Let f(v) = o(v) - w(v). Calculate f(-1).
1
Let v be (22/(-99))/((-1)/9). Let u(i) be the third derivative of i**v + 5/24*i**4 - 1/6*i**3 + 0*i + 0. What is u(1)?
4
Let y(a) be the third derivative of -1/20*a**5 + 0 + 1/8*a**4 - 1/120*a**6 - 8*a**2 + 0*a + 1/2*a**3. Calculate y(-3).
-6
Let u(n) = n - 1. Let m(l) = -l**2 + 6*l + 11. Let h(y) = -y**2 + 6*y + 11. Let r(z) = -6*h(z) + 5*m(z). Let b = -11 + 19. Let f be r(b). Determine u(f).
4
Let u(f) be the third derivative of f**6/120 + f**5/15 + f**4/24 - f**3/6 - 6*f**2. Determine u(-3).
5
Let n(u) be the second derivative of -u**8/6720 + u**7/1260 + u**6/240 + u**5/60 + u**4/2 + 5*u. Let a(z) be the third derivative of n(z). Determine a(3).
2
Let t(x) = -x**2 + 4*x + 4. Let z = -74 + 81. Calculate t(z).
-17
Let v be (0/((-9)/3))/(-2). Let t(g) = 8 - 2*g - 3 + g. What is t(v)?
5
Suppose 28*h = 24*h - 12. Let z(p) = p**2 + 2*p + 4. Give z(h).
7
Let h(r) be the third derivative of -7*r**5/30 - r**4/24 + r**3/6 - 20*r**2. Give h(1).
-14
Let v(m) = 3*m + 3. Suppose r + 82 = -4*r - 3*t, 2*r + 44 = -4*t. Let o = 10 + r. Let b be (0 - (-2 - o))*1. What is v(b)?
-3
Let z(v) be the second derivative of v**5/20 + v**4/3 - 4*v**3/3 - 7*v**2/2 + 36*v. Calculate z(-5).
8
Let l(y) = -5*y + 22. Let x be l(5). Let p(u) = u**2 + 3*u + 2. Determine p(x).
2
Let o be (-3)/(-9)*-5*-3. Let k(j) be the first derivative of j**4/4 - 4*j**3/3 - 3*j**2/2 - 7*j + 18. What is k(o)?
3
Let v be (8/(-4) - -3)*2. Let n(s) = 2*s**2 + 2*s - 2. What is n(v)?
10
Let i = 3 - -1. Suppose i*a - 6 = 4*q - 2, -2*a + 2 = 3*q. Let m(g) = 6*g - 5. Let k(c) = 2*c - 2. Let d(f) = 8*k(f) - 3*m(f). Give d(a).
-3
Let n(y) = -y**3 - 5*y**2 - y. Let r be n(-5). Let i(k) = -k - 20. Let x be i(-20). Let w(p) = -7*p + p**2 - 102 + 108 + x*p**2. Calculate w(r).
-4
Let s = 178 + -170. Let j(d) = d**3 - 9*d**2 + 6*d + 8. Give j(s).
-8
Let b(a) = 2*a - 6. Let i be (-32)/(-14) + 14/(-49). Suppose -i*f - 3 = -f. Let j(w) = w**3 + 5*w**2 + 3*w - 4. Let c be j(f). Give b(c).
4
Let x be (24/(-15) + 1)*-5. Suppose -x*w = -w - 10. Let t(n) = n. Determine t(w).
5
Let c(s) be the third derivative of -1/60*s**5 + 5/6*s**3 + 0*s**4 - s**2 + 0 + 0*s. What is c(4)?
-11
Suppose -3*i = -16 + 1. 